36*z + 133. What is the units digit of k(-3)?
1
Suppose -836288 = 32*d - 100*d + 1742272. What is the tens digit of d?
2
Suppose -5*f = t - 18268, -2*t + 3*t = -2*f + 18283. What is the thousands digit of t?
8
Let o(x) = -x**3 + 7*x**2 + 17*x + 519. What is the thousands digit of o(-15)?
5
Let k = -30918 + 46240. What is the thousands digit of k?
5
Let d(m) = 128*m**2 - 52*m + 185. What is the hundreds digit of d(3)?
1
Let z be (5/3)/((-5)/(-225)). Let h(r) = 6*r + z*r**2 + 6 + 235*r**2 - 97*r**2. What is the hundreds digit of h(-1)?
2
Let y be ((-10)/(-15))/((16/(-6))/(-4)). Let q be (-1 - 2)*-1 - (y - 6). What is the hundreds digit of (1 - -3)/((q/(-236))/(-1))?
1
Suppose -59*n = 151*n - 2274604 - 702986. What is the ten thousands digit of n?
1
Let v = 19028 - 397. What is the ten thousands digit of v?
1
Let d = 59798 - 22662. What is the hundreds digit of d?
1
Suppose -5*q + 42 = -4*m, 7*q - 4*q - m - 28 = 0. Suppose -842 = -2*y + 2*g - 0*g, -q = 2*g. What is the hundreds digit of y?
4
Let v(b) = -9*b**3 - 2*b**2 - 4. What is the tens digit of v(-5)?
7
Suppose 0 = d - 15*v + 13*v - 14449, -3*v + 43392 = 3*d. What is the units digit of d?
9
Let b = -3897 + 40116. What is the hundreds digit of b?
2
Let f be 49692/14 - ((-3)/(-7) + -1). What is the hundreds digit of f/5 + 0/(-4)*1?
7
Let j = -257 + 455. Let u = j + -129. What is the units digit of (12 - u)/(6/(-16) + 0)?
2
Suppose -41*o + 37*o + 1728 = 0. Let s = o + -251. What is the units digit of s?
1
What is the units digit of (-2694)/(-2)*(6/14 + 13176/567)?
9
Let s = 6 + -6. Suppose 0 = 13*z - 19*z + 12. Suppose 2*q + 318 = -s*a + z*a, 0 = -4*a - 2*q + 636. What is the units digit of a?
9
Let c(h) = -h**2 + 7*h - 8. Let z be c(2). Let n = 232 - 376. What is the units digit of (-32)/n + z + (-178)/(-9)?
2
Suppose 0 = 5*c - 11 - 34. Let i(l) = -l**3 + 12*l**2 - 9*l - 4. Let v be i(c). Suppose 0 = 2*q + 3*a - 153, -a = 2*q + a - v. What is the units digit of q?
4
Let w = -4161 - -4320. What is the tens digit of w?
5
Let d = 119685 + -82175. What is the ten thousands digit of d?
3
Suppose i + 4*i = 20, -y + 2*i - 3 = 0. Suppose 2*q + 2*l - 44 = 0, 18 = y*l + 3. Let d(o) = -o**3 + 19*o**2 + 13*o - 1. What is the units digit of d(q)?
6
What is the units digit of 10716/(-9823)*(-98989)/(-2)*-1?
4
Let c be ((-177)/(-18))/1 + (-2)/(-12). Suppose -c = 6*p - 11*p. Suppose -5*j = 5*o - 766 + 21, -p*o + 3*j + 323 = 0. What is the hundreds digit of o?
1
What is the ten thousands digit of 7/(49/(-6)) + (-41)/(6601/(-4991782))?
3
What is the tens digit of 665964/65*(-5)/(-2)?
1
Let l be -2*(4 + -6 - 2) - 4. What is the units digit of l/(-14) + (39702/42)/1?
5
Suppose 4*t = 886 + 134. Suppose -o - o = 2*m + 292, -o = 5*m + 134. Let j = o + t. What is the units digit of j?
6
Suppose u - 232 = -u. Suppose 35*h - 42 - 47 - 16 = 0. Suppose -h*n + u + 226 = 0. What is the tens digit of n?
1
Suppose 0 = 235*z + 91615 - 632585. What is the units digit of z?
2
Suppose -r - 4*q + 7690 = 0, -59*r = -56*r + 3*q - 23061. What is the tens digit of r?
8
What is the ten thousands digit of (1570/(-1413) + 458/72)*(-55984)/(-6)?
4
Let w be -2*(-1 - 59/2). Let y = -229 + 241. Let x = w + y. What is the tens digit of x?
7
Let r(f) = f**3 + 8*f**2 - 23*f - 25. Let z be r(-10). Suppose -k - 288 = -z*b - 2*k, 5*k + 99 = 2*b. What is the units digit of b?
7
What is the tens digit of (3585/25 - 8)/(9/2115)?
1
Suppose 3*c = 2*g + 6677, 4*c - 371*g = -373*g + 8912. What is the thousands digit of c?
2
Suppose 2*o - 6 = 4*o, -5*i + 3*o - 11 = 0. Let l(r) = 2*r - 5. Let w be l(4). What is the units digit of 10 + i + (w - 2)?
7
Suppose 17*l - 3*l + 84 = 0. Let s(m) = -13*m - 48. Let p be s(l). Let g = p + -3. What is the tens digit of g?
2
Let h = -20746 - -45876. What is the hundreds digit of h?
1
Suppose -3*j = 2*n - 63106 + 3714, 3*n = 4*j + 89037. What is the thousands digit of n?
9
Let p be -1277 + -2 - (7 - 11). Let a = -392 - p. What is the tens digit of a?
8
Suppose -5*a - 257 = -2*i - 1853, i + 811 = -4*a. Let c = -498 - i. Suppose -x + c = 4*x. What is the units digit of x?
1
What is the ten thousands digit of (21/(-15))/((-134)/5888630)?
6
Let l(r) = 9*r**3 - 12*r**2 + 17*r - 33. Let m be l(5). Suppose 0*c = 4*c. Suppose -5*s + o + 1120 = -c*o, 0 = 4*s + 3*o - m. What is the hundreds digit of s?
2
Let b(x) be the first derivative of 4*x**3 + 5*x**2/2 + 32*x - 3347. Let q be 6*1*(-2)/3. What is the units digit of b(q)?
4
Let d be -5 - (-3 - (-8 + 3)). Let y(k) = -143*k + 400. What is the tens digit of y(d)?
0
Let i = 23863 + -13353. What is the units digit of i?
0
Let p(n) be the first derivative of -n**4/4 + 10*n**3 - 39*n**2 - 34*n + 26. What is the units digit of p(27)?
7
Suppose 1375 = -36*g + 5155. Let a(b) = -3*b - 4. Let q be a(-5). Suppose 14*h - g = q*h. What is the tens digit of h?
3
What is the hundreds digit of ((-12123)/(-5 + -4))/(-2)*-2?
3
Suppose -4*g - 2*p = -12866, 0*g - 5*g + 16079 = -p. What is the hundreds digit of g?
2
Suppose -q = 3*g - 9, -12*g + 8*g = q - 6. Let v be 2/4*(0 - 0). Suppose v = o - q - 59. What is the units digit of o?
7
Let m(z) = 151*z + 17. Let i be m(7). Suppose -7*b + i = -b. Let k = b - 74. What is the tens digit of k?
0
Let x(f) = 14*f**2 - 3*f - 4. Let r be x(-4). Let m(i) = -3*i**3 - 22*i**2 + 5. Let t be m(-4). Let q = t + r. What is the units digit of q?
7
Suppose 5*c - 10*c - 45 = 0. Let i(p) = 2*p**2 + 15*p + 40. What is the tens digit of i(c)?
6
Let s = -61541 + 103702. What is the thousands digit of s?
2
Suppose -3*y - 5*q = -31093, 2*y - 3*q = 4357 + 16397. What is the thousands digit of y?
0
Suppose -35*p + 6996 = -2*p. Let c = 1292 - p. What is the thousands digit of c?
1
Let f(s) = -s**3 + 98*s**2 - 1137*s - 184. What is the units digit of f(84)?
2
Let x = 17520 - 8764. What is the units digit of x?
6
Let m be 880/(-60) + (-2)/(-3). Let c be ((-16)/m)/(20/70). Suppose 0 = -3*t, -c*o = -3*o + 2*t - 47. What is the units digit of o?
7
Suppose 1 = -2*b + 5. Let y be (1 - (-3 - 1 - -6))*-3. Suppose 6*a - 5*a - y*u - 11 = 0, -b*a + 37 = -u. What is the tens digit of a?
2
Suppose -56*i + 28 = -60*i. Let y be ((56/(-5))/i)/(2/(-5)). What is the units digit of 1/(y/(-608)) - 5?
7
Let m = 35 + -21. Let i = m + -11. Suppose -3*o + 342 = 3*d, i*o = o - 5*d + 237. What is the hundreds digit of o?
1
Suppose -17*t + 60433 = 4*f, -17*f = -2*t - 12*f + 7159. What is the units digit of t?
7
Let r be (-3 + 6)*(-2)/(-3). Suppose 5*p + 5*z - 2460 = 0, -r*p + 5*z + 972 = 3*z. Suppose 24*t - p = 21*t. What is the tens digit of t?
6
Let n = 1370 - -1649. Suppose -5*t - 654 + n = 0. What is the tens digit of t?
7
Let p(w) = 5*w**2 + 25*w + 9. Let b(u) = -11*u**2 - 51*u - 17. Let t(i) = 6*b(i) + 13*p(i). Let n = -160 - -177. What is the tens digit of t(n)?
4
Let c(k) = 8*k**2 + 29*k + 113. Let t be c(-5). What is the tens digit of (-228)/(-7)*9/(108/t)?
5
Let l(t) = 3*t**2 + 11*t + 9. Let u(q) = -5*q - 54. Let z be u(-5). Let n be 1/3*(-6 - (z + 5)). What is the units digit of l(n)?
3
Let k(c) = 8*c - 2*c + 0 - 10 + 6 - 17 + c**2. What is the units digit of k(13)?
6
Let g(y) be the second derivative of 0 + 7/12*y**4 + 17*y - 3/2*y**2 + 5/6*y**3. What is the tens digit of g(-4)?
8
Suppose 393 + 363 = -9*k. Let f = k + 270. What is the units digit of f?
6
Let t(w) = w**3 + 3*w**2 - 6*w + 2. Let k be t(-5). What is the tens digit of (-36905)/(-99) + (-4)/k?
7
Let m(b) be the third derivative of b**6/120 + 2*b**5/15 - b**4/6 + 11*b**3/6 + 9*b**2. Let i be m(-8). What is the tens digit of (-4)/4 + i + 1?
4
Let t be 95 - ((-4)/(-2) - 2). Let i = -62 + t. What is the units digit of 6/i + 1074/22?
9
Let g(a) = 5*a**2 - 107*a + 343. What is the ten thousands digit of g(67)?
1
Suppose 0*w = 3*w - 4*q - 15, -2*w + q = -10. Suppose -w*g + 3976 = -3*m, -5*g - 10 = -5*m - 3980. Suppose -30 = 13*a - g. What is the tens digit of a?
5
Let p be 28/3*(-1128)/(-16). Suppose 4*m = -2*r + p, 0 = -2*m - 4*r + 259 + 85. Suppose 5*k - 2*d - 256 = 0, 3*k + 0*d = 4*d + m. What is the units digit of k?
0
Let b(n) = 43*n + 79. Let m be b(8). Let i = -320 + m. What is the units digit of i?
3
Let l(m) = 2*m**3 - m**2 + m - 12. Let p be l(6). Let q be 5/2 + 3/(-2). What is the hundreds digit of p/3 + 1*(-2 + q)?
1
Let